alculate the highest common factor of w and 184.
46
Let k be 16 - (2 + 1 + (23 - 28)). What is the greatest common factor of k and 288?
18
Let q be ((3654/(-4))/(-3))/((-87)/(-116)). Calculate the greatest common factor of q and 14.
14
Suppose 4 - 3 = 2*z + 5*s, 3*z = -4*s + 5. Suppose -2*x - 5*a = -49, -z*x + 2*a + 13 = -51. Calculate the greatest common factor of x and 66.
22
Suppose -a = 2*a - 4*l - 80, 2*a - 60 = l. Calculate the greatest common factor of a and 128.
32
Let i(w) = -4*w. Let p be i(-5). Let s(y) = -13*y + 20*y**3 - 8*y**3 - 13*y**2 - 7 - 13*y**3. Let q be s(-12). Calculate the greatest common divisor of p and q.
5
Let l(c) = -c**2 + 5*c + 3. Let x be l(7). Let w = 10 - x. What is the greatest common factor of 7 and w?
7
Let r(n) = n**2 - n + 7. Let j be r(0). Suppose 3*o + 19 = -5*u - 11, -3*u - 4*o - j = 0. Let t = u - -15. Calculate the highest common factor of t and 6.
6
Suppose -565 = -5*p + 595. Calculate the greatest common factor of p and 8.
8
Suppose -2*t + 325 = 3*k, 2*k - 5*t = 32 + 210. Calculate the greatest common divisor of 296 and k.
37
Let v(a) = a**2 + 9*a + 1. Let q be v(-6). Let o = 19 + q. Suppose 0 = 5*x + 3*k - 767, 0*k + o = -2*k. Calculate the greatest common factor of 14 and x.
14
Let f be (8 - 10) + -9 + 33. Suppose 3*z = -i + 24 - 7, -3*z + 21 = 3*i. Let g = 0 + i. Calculate the highest common divisor of f and g.
2
Let z be 8/6*42/28. Suppose c + 53 = 2*c - 4*x, x - 61 = -2*c. Let t = c + -19. Calculate the highest common divisor of z and t.
2
Let d(o) = 238*o - 1028. Let m be d(6). What is the highest common divisor of 640 and m?
80
Let z(x) = -x - 5. Let f be z(-3). Let k = -2 - f. Let w(r) = r**2 + 2*r + 28. Let u be w(k). Calculate the greatest common factor of u and 7.
7
Suppose 94 + 930 = 32*o. Let y be 1 - -6 - (-1)/1. Calculate the highest common factor of y and o.
8
Let t be (0 - 1)/(2/(-198)). Suppose -6*i + 10*i = -4*c + 48, 2*i = -3*c + 33. Calculate the greatest common divisor of t and c.
9
Suppose y + 3*g = 146, y + 2*g = 39 + 106. Calculate the greatest common divisor of y and 26.
13
Let u be (-16)/(-10) - 18/30. Let q be ((-3)/(-4))/(3/12). Let y be q/2 - 1/2. What is the highest common factor of u and y?
1
Let u = -11 - -7. Let z(a) = -5*a - 7. Let j be z(u). Calculate the greatest common divisor of 104 and j.
13
Suppose 40 = 4*t - 3*d - d, 4*d = 20. What is the greatest common divisor of t and 1335?
15
Let w be (774/(-430))/((-6)/40). What is the highest common divisor of w and 84?
12
Suppose 5 = 2*o - 5*b, 0 = 3*o + b + 4*b - 20. Suppose -15*l + 46 = 10 - 9. Calculate the greatest common divisor of o and l.
1
Let a(f) = -f**3 + 6*f**2 - f - 8. Let q be a(6). Let d = -21 - q. Let o be 8/(-28) + (-590)/d. Calculate the highest common factor of 21 and o.
21
Suppose -3 = 15*r - 123. What is the greatest common divisor of r and 88?
8
Suppose k - 823 = -a, 0 = -4*a - 0*k + 2*k + 3298. Calculate the highest common factor of a and 8.
8
Let c = 3 - 13. Let x(k) = -k**2 - 13*k + 2. Let t be x(c). Let n = t + 2. What is the greatest common divisor of n and 34?
34
Let b = 98 - 89. What is the greatest common factor of b and 387?
9
Let z = -3 - -10. Suppose 0 = 3*o - 11 - z. Let x(w) = 2*w**2 - 3*w - 6. Let y be x(6). Calculate the highest common divisor of y and o.
6
Let p(u) = -2*u**3 - 8*u**2 - 3*u - 7. Let w be p(-6). Calculate the highest common factor of w and 248.
31
Let p = 54 + -29. Let v = 19 - 14. Calculate the greatest common divisor of p and v.
5
Suppose 0*y + 3*y = -6, 5*u = 3*y + 406. Suppose 2*r = -4*a + 5*a - 46, 3*a - r = 123. Calculate the greatest common factor of u and a.
40
Suppose -15*x = -35 - 55. What is the highest common divisor of 114 and x?
6
Suppose 798*n - 2840 = 793*n. What is the highest common factor of n and 8?
8
Let o(v) = -14*v - 8. Suppose 2*k = 2*n, 0*k = k + 5*n. Suppose -3*s - 18 + 12 = k. Let w be o(s). Calculate the highest common divisor of 30 and w.
10
Let j = 72 + -54. Let h(v) = -v**2 - 2*v - 1. Let u be h(-1). Suppose 0*r - r + 54 = u. What is the greatest common divisor of r and j?
18
Suppose -w + 23 = -2*h, 0*h - h - 92 = -4*w. Let r = 43 - w. Calculate the highest common divisor of r and 50.
10
Suppose -5*u + 4*y + 24 + 196 = 0, 0 = -2*u + 3*y + 95. Suppose d - 78 = 2*c, -3*c + 139 + 184 = 4*d. What is the highest common divisor of d and u?
40
Suppose 0 = -2*r - 41 + 181. Suppose 0 = 2*j + 3*t - 75, -2*j + 2*t + 125 = 35. Let m = r - j. Calculate the highest common divisor of 70 and m.
14
Let k be (12/(-28) - (-55)/14)*18. What is the greatest common factor of k and 133?
7
Suppose 2*z + 175 = 7*z. Suppose -11*u = -7*u - 36. Let t be (-6)/(-4)*21*2/u. Calculate the greatest common factor of z and t.
7
Let u = -248 + 261. What is the highest common factor of 2 and u?
1
Suppose 11*h = 8*h - 75. Suppose 0 = -4*y - 91 + 15. Let s = y - h. What is the highest common factor of 12 and s?
6
Suppose -3*l = -5*l + 80. Let v be ((-220)/(-70))/(-11) + 58/7. What is the greatest common divisor of l and v?
8
Let m be ((-132)/8)/(3/(-4)). Calculate the greatest common divisor of m and 242.
22
Let k(w) be the first derivative of w**3/3 - 9*w**2/2 + 22*w - 8. Let o be k(7). Calculate the highest common divisor of o and 8.
8
Let d(h) = 4*h + 9. Let q be d(-10). Let f = -20 - q. What is the greatest common factor of f and 33?
11
Suppose l = -3*c + 6, -10*c + 2*l + 2 = -9*c. Calculate the greatest common factor of c and 118.
2
Suppose -2*g - 4*j = -2*j - 16, 2*g - j = 16. Let z be 35/(-140) - 1/(4/(-353)). Calculate the highest common factor of z and g.
8
Let y be 2 + ((-40)/(-15) - (-1)/3). Calculate the greatest common factor of 16 and y.
1
Let l(a) = 4*a**3 - 4*a**2 - 4*a + 2. Let g be l(-2). Let o = g - -46. Calculate the highest common divisor of o and 64.
8
Let z be (20/(-60))/((-2)/66). Calculate the highest common factor of 11 and z.
11
Suppose 110 = 20*x + 2*x. What is the greatest common factor of x and 22?
1
Let v = -1977 + 2055. Calculate the greatest common divisor of v and 273.
39
Let a(r) = -631*r + 163. Let j be a(-2). What is the highest common factor of j and 171?
57
Let h(m) = -2*m**3 - 2*m**2 - 2*m. Suppose -g = 3*y - 5 + 16, -5*g = -5*y + 15. Let v be h(y). What is the highest common factor of 72 and v?
12
Let l be -15 - (4 - 3 - 1). Let g be (l/(-18))/(1/30). Calculate the highest common factor of 100 and g.
25
Suppose 5*v + 48 = -3*h - 36, 78 = -5*v - h. Let s be 8/(-10) - 552/v. Calculate the greatest common divisor of 396 and s.
36
Suppose 26*w - 669 - 33 = 0. What is the greatest common factor of 621 and w?
27
Let l(m) = m**2 + 8*m + 5. Let a be l(-5). Let q(z) = z**2 - 2*z + 12. Let g be q(a). What is the highest common divisor of g and 12?
12
Let k be 2/(-6) + 3268/12 + 1. What is the highest common divisor of k and 78?
39
Let i be ((-210)/(-4))/(-21) - 865/(-2). What is the greatest common divisor of i and 10?
10
Let b(w) = -w**2 + 10*w - 18. Let s be b(6). Calculate the highest common factor of 57 and s.
3
Suppose 3*f = f + 8. Suppose f*i + 78 - 326 = 0. Suppose 16 = -2*l + i. What is the greatest common factor of 207 and l?
23
Let z be 14920/(-35) + 2/7. Let n = -85 - z. What is the greatest common factor of n and 31?
31
Let t(x) = -21*x - 11. Let h be t(-7). Let c = 12 - -9. Suppose 2*k - b = c + 15, 3*k - 53 = b. Calculate the greatest common factor of k and h.
17
Suppose 40 + 44 = 4*i - 5*f, -i + 34 = 2*f. What is the greatest common divisor of 182 and i?
26
Let u = -94 + 575. What is the highest common factor of u and 26?
13
Let d be -1*3 - (-33 + -2). Let t be (-6)/(-10) - d/20. Let y be (-6 - -3) + (18 - t). Calculate the greatest common factor of 8 and y.
8
Let m(s) = 4*s - 1. Let z be m(4). Let x be 20*(-9 - (-381)/42)*168. What is the greatest common factor of z and x?
15
Let f be (39 - 4) + 6/2. What is the highest common factor of 209 and f?
19
Let f be (2/(-8))/(506/(-72) - -7). Suppose 3*j = -j. Suppose j = 4*h + 61 - 205. Calculate the highest common factor of h and f.
9
Let r(h) = -h - 1. Let k be r(-6). Let n(u) = u - 3. Let d be n(7). Suppose -5*v - 10 = c, d*c - 28 = 2*v - 5*v. What is the highest common factor of k and c?
5
Suppose 14*d - 55 = 113. Calculate the highest common divisor of 636 and d.
12
Let a(x